{"id":37,"date":"2016-12-28T15:28:20","date_gmt":"2016-12-28T14:28:20","guid":{"rendered":"http:\/\/mk-kiens.com\/?page_id=37"},"modified":"2026-04-01T20:26:45","modified_gmt":"2026-04-01T18:26:45","slug":"musikkapelle-kiens","status":"publish","type":"page","link":"https:\/\/mk-kiens.com\/index.php\/musikkapelle-kiens\/","title":{"rendered":"Die Kapelle"},"content":{"rendered":"<h1 style=\"text-align: center;\"><span style=\"font-family: Open Sans; font-style: italic; font-size: 30px; color: #222222; opacity: 0.6; font-weight: normal;\">59 aktive Mitglieder<\/span><\/h1>\n<h2 style=\"text-align: center;\"><span style=\"font-family: Open Sans; font-size: 48px; letter-spacing: 2px; line-height: 1.3em; font-weight: bold; color: #222222;\">MUSIKKAPELLE KIENS<\/span><\/h2>\n<p style=\"text-align: center;\">Die Musikkapelle <a style=\"color: #bf9456; text-decoration: none;\" href=\"http:\/\/www.kronplatz.com\/de\/kiens\" target=\"_blank\" rel=\"noopener\">Kiens<\/a> aus S\u00fcdtirol wurde im Jahr 1820 durch Pfarrer Viktor Girtler gegr\u00fcndet.<br \/>\nDer Verein besteht zurzeit aus 59 aktiven <a style=\"color: #bf9456; text-decoration: none;\" href=\"https:\/\/mk-kiens.com\/index.php\/wir-musikanten\/mitglieder\/\">Musikant\/innen<\/a>, 10 Marketenderinnen und 2 F\u00e4hnriche.<br \/>\nDer Altersdurchschnitt der Mitglieder betr\u00e4gt ca. 32 Jahre.<br \/>\nDas j\u00fcngste Mitglied der Musikkapelle Kiens ist gerade mal 14 Jahre,<br \/>\nw\u00e4hrend unser \u00e4lteste Mitglied diese Jahr seinen 70. Geburtstag feiert.<\/p>\n","protected":false},"excerpt":{"rendered":"<p>59 aktive Mitglieder MUSIKKAPELLE KIENS Die Musikkapelle Kiens aus S\u00fcdtirol wurde im Jahr 1820 durch Pfarrer Viktor Girtler gegr\u00fcndet. Der Verein besteht zurzeit aus 59 aktiven Musikant\/innen, 10 Marketenderinnen und 2 F\u00e4hnriche. Der Altersdurchschnitt der Mitglieder betr\u00e4gt ca. 32 Jahre. Das j\u00fcngste Mitglied der Musikkapelle Kiens ist gerade mal 14 Jahre, w\u00e4hrend unser \u00e4lteste Mitglied<br \/><a class=\"moretag\" href=\"https:\/\/mk-kiens.com\/index.php\/musikkapelle-kiens\/\">+ Lesen Sie mehr<\/a><\/p>\n","protected":false},"author":1,"featured_media":0,"parent":0,"menu_order":10,"comment_status":"closed","ping_status":"closed","template":"","meta":{"footnotes":""},"class_list":["post-37","page","type-page","status-publish","hentry"],"_links":{"self":[{"href":"https:\/\/mk-kiens.com\/index.php\/wp-json\/wp\/v2\/pages\/37","targetHints":{"allow":["GET"]}}],"collection":[{"href":"https:\/\/mk-kiens.com\/index.php\/wp-json\/wp\/v2\/pages"}],"about":[{"href":"https:\/\/mk-kiens.com\/index.php\/wp-json\/wp\/v2\/types\/page"}],"author":[{"embeddable":true,"href":"https:\/\/mk-kiens.com\/index.php\/wp-json\/wp\/v2\/users\/1"}],"replies":[{"embeddable":true,"href":"https:\/\/mk-kiens.com\/index.php\/wp-json\/wp\/v2\/comments?post=37"}],"version-history":[{"count":38,"href":"https:\/\/mk-kiens.com\/index.php\/wp-json\/wp\/v2\/pages\/37\/revisions"}],"predecessor-version":[{"id":2818,"href":"https:\/\/mk-kiens.com\/index.php\/wp-json\/wp\/v2\/pages\/37\/revisions\/2818"}],"wp:attachment":[{"href":"https:\/\/mk-kiens.com\/index.php\/wp-json\/wp\/v2\/media?parent=37"}],"curies":[{"name":"wp","href":"https:\/\/api.w.org\/{rel}","templated":true}]}}